{"id":391,"date":"2019-02-01T08:22:47","date_gmt":"2019-02-01T08:22:47","guid":{"rendered":"http:\/\/ng-fechos.pt\/?page_id=391"},"modified":"2019-02-06T09:48:29","modified_gmt":"2019-02-06T09:48:29","slug":"sobre-nos","status":"publish","type":"page","link":"https:\/\/ng-fechos.pt\/es\/sobre-nos\/","title":{"rendered":"Sobre nosotros"},"content":{"rendered":"\n<p class=\"has-medium-font-size\">NG-Fechos F\u00e1brica de Fechos de Correr, Lda, se encuentra en el mercado nacional e internacional, desde 1997, una empresa din\u00e1mica, siempre con rigurosos criterios de calidad y \u00e9tica.<\/p>\n\n\n\n<p class=\"has-medium-font-size\">Fabricamos cremalleras de poli\u00e9ster, metal, inyectado e invisible.<\/p>\n\n\n\n<p class=\"has-medium-font-size\">Teniendo en cuenta la plena satisfacci\u00f3n de nuestros clientes, permanecemos comprometidos en el desarrollo de nuevos procesos productivos y productos.<\/p>\n","protected":false},"excerpt":{"rendered":"<p>NG-Fechos F\u00e1brica de Fechos de Correr, Lda, se encuentra en el mercado nacional e internacional, desde 1997, una empresa din\u00e1mica, siempre con rigurosos criterios de calidad y \u00e9tica. Fabricamos cremalleras&hellip;<\/p>\n<div class=\"read-more-wrap\"><a class=\"read-more\" href=\"https:\/\/ng-fechos.pt\/es\/sobre-nos\/\">Read More<\/a><\/div>\n","protected":false},"author":1,"featured_media":0,"parent":0,"menu_order":0,"comment_status":"closed","ping_status":"closed","template":"","meta":[],"translation":{"provider":"WPGlobus","version":"2.8.11","language":"es","enabled_languages":["pt","en","es","fr"],"languages":{"pt":{"title":true,"content":true,"excerpt":false},"en":{"title":true,"content":true,"excerpt":false},"es":{"title":true,"content":true,"excerpt":false},"fr":{"title":true,"content":true,"excerpt":false}}},"_links":{"self":[{"href":"https:\/\/ng-fechos.pt\/es\/wp-json\/wp\/v2\/pages\/391"}],"collection":[{"href":"https:\/\/ng-fechos.pt\/es\/wp-json\/wp\/v2\/pages"}],"about":[{"href":"https:\/\/ng-fechos.pt\/es\/wp-json\/wp\/v2\/types\/page"}],"author":[{"embeddable":true,"href":"https:\/\/ng-fechos.pt\/es\/wp-json\/wp\/v2\/users\/1"}],"replies":[{"embeddable":true,"href":"https:\/\/ng-fechos.pt\/es\/wp-json\/wp\/v2\/comments?post=391"}],"version-history":[{"count":28,"href":"https:\/\/ng-fechos.pt\/es\/wp-json\/wp\/v2\/pages\/391\/revisions"}],"predecessor-version":[{"id":1319,"href":"https:\/\/ng-fechos.pt\/es\/wp-json\/wp\/v2\/pages\/391\/revisions\/1319"}],"wp:attachment":[{"href":"https:\/\/ng-fechos.pt\/es\/wp-json\/wp\/v2\/media?parent=391"}],"curies":[{"name":"wp","href":"https:\/\/api.w.org\/{rel}","templated":true}]}}

<p class="has-medium-font-size">NG-Fechos Fábrica de Fechos de Correr, Lda, se encuentra en el mercado nacional e internacional, desde 1997, una empresa dinámica, siempre con rigurosos criterios de calidad y ética.</p>



<p class="has-medium-font-size">Fabricamos cremalleras de poliéster, metal, inyectado e invisible.</p>



<p class="has-medium-font-size">Teniendo en cuenta la plena satisfacción de nuestros clientes, permanecemos comprometidos en el desarrollo de nuevos procesos productivos y productos.</p>

<p>NG-Fechos Fábrica de Fechos de Correr, Lda, se encuentra en el mercado nacional e internacional, desde 1997, una empresa dinámica, siempre con rigurosos criterios de calidad y ética. Fabricamos cremalleras&hellip;</p>
<div class="read-more-wrap"><a class="read-more" href="https://ng-fechos.pt/es/sobre-nos/">Read More</a></div>
